{"id":74,"date":"2025-03-17T22:55:48","date_gmt":"2025-03-17T22:55:48","guid":{"rendered":"https:\/\/izokale.com.tr\/?page_id=74"},"modified":"2025-03-17T23:03:33","modified_gmt":"2025-03-17T23:03:33","slug":"galeri","status":"publish","type":"page","link":"https:\/\/izokale.com.tr\/index.php\/galeri\/","title":{"rendered":"GALER\u0130"},"content":{"rendered":"<p><img loading=\"lazy\" decoding=\"async\" class=\"alignnone size-medium wp-image-63\" src=\"https:\/\/izokale.com.tr\/wp-content\/uploads\/2025\/03\/havuz1-225x300.jpg\" alt=\"\" width=\"225\" height=\"300\" srcset=\"https:\/\/izokale.com.tr\/wp-content\/uploads\/2025\/03\/havuz1-225x300.jpg 225w, https:\/\/izokale.com.tr\/wp-content\/uploads\/2025\/03\/havuz1-768x1024.jpg 768w, https:\/\/izokale.com.tr\/wp-content\/uploads\/2025\/03\/havuz1-1152x1536.jpg 1152w, https:\/\/izokale.com.tr\/wp-content\/uploads\/2025\/03\/havuz1-1536x2048.jpg 1536w, https:\/\/izokale.com.tr\/wp-content\/uploads\/2025\/03\/havuz1-570x760.jpg 570w, https:\/\/izokale.com.tr\/wp-content\/uploads\/2025\/03\/havuz1-scaled.jpg 1920w\" sizes=\"auto, (max-width: 225px) 100vw, 225px\" \/> su ka\u00e7ag\u0131 olan havuz\u00a0<img loading=\"lazy\" decoding=\"async\" class=\"size-medium wp-image-64 alignright\" src=\"https:\/\/izokale.com.tr\/wp-content\/uploads\/2025\/03\/havuz2-225x300.jpg\" alt=\"\" width=\"225\" height=\"300\" srcset=\"https:\/\/izokale.com.tr\/wp-content\/uploads\/2025\/03\/havuz2-225x300.jpg 225w, https:\/\/izokale.com.tr\/wp-content\/uploads\/2025\/03\/havuz2-768x1024.jpg 768w, https:\/\/izokale.com.tr\/wp-content\/uploads\/2025\/03\/havuz2-1152x1536.jpg 1152w, https:\/\/izokale.com.tr\/wp-content\/uploads\/2025\/03\/havuz2-1536x2048.jpg 1536w, https:\/\/izokale.com.tr\/wp-content\/uploads\/2025\/03\/havuz2-570x760.jpg 570w, https:\/\/izokale.com.tr\/wp-content\/uploads\/2025\/03\/havuz2-scaled.jpg 1920w\" sizes=\"auto, (max-width: 225px) 100vw, 225px\" \/> ek yersiz tek par\u00e7a poli\u00fcretan su yal\u0131t\u0131m\u0131 uygulanm\u0131\u015f hali<\/p>\n<p><img loading=\"lazy\" decoding=\"async\" class=\"alignnone wp-image-58\" src=\"https:\/\/izokale.com.tr\/wp-content\/uploads\/2025\/03\/IMG-20170801-WA0007-169x300.jpg\" alt=\"\" width=\"162\" height=\"288\" srcset=\"https:\/\/izokale.com.tr\/wp-content\/uploads\/2025\/03\/IMG-20170801-WA0007-169x300.jpg 169w, https:\/\/izokale.com.tr\/wp-content\/uploads\/2025\/03\/IMG-20170801-WA0007-577x1024.jpg 577w, https:\/\/izokale.com.tr\/wp-content\/uploads\/2025\/03\/IMG-20170801-WA0007-768x1364.jpg 768w, https:\/\/izokale.com.tr\/wp-content\/uploads\/2025\/03\/IMG-20170801-WA0007-865x1536.jpg 865w, https:\/\/izokale.com.tr\/wp-content\/uploads\/2025\/03\/IMG-20170801-WA0007-570x1012.jpg 570w, https:\/\/izokale.com.tr\/wp-content\/uploads\/2025\/03\/IMG-20170801-WA0007.jpg 901w\" sizes=\"auto, (max-width: 162px) 100vw, 162px\" \/> <img loading=\"lazy\" decoding=\"async\" class=\"alignnone wp-image-57\" src=\"https:\/\/izokale.com.tr\/wp-content\/uploads\/2025\/03\/IMG-20170801-WA0004-300x169.jpg\" alt=\"\" width=\"513\" height=\"289\" srcset=\"https:\/\/izokale.com.tr\/wp-content\/uploads\/2025\/03\/IMG-20170801-WA0004-300x169.jpg 300w, https:\/\/izokale.com.tr\/wp-content\/uploads\/2025\/03\/IMG-20170801-WA0004-1024x577.jpg 1024w, https:\/\/izokale.com.tr\/wp-content\/uploads\/2025\/03\/IMG-20170801-WA0004-768x432.jpg 768w, https:\/\/izokale.com.tr\/wp-content\/uploads\/2025\/03\/IMG-20170801-WA0004-1536x865.jpg 1536w, https:\/\/izokale.com.tr\/wp-content\/uploads\/2025\/03\/IMG-20170801-WA0004-570x321.jpg 570w, https:\/\/izokale.com.tr\/wp-content\/uploads\/2025\/03\/IMG-20170801-WA0004-1110x624.jpg 1110w, https:\/\/izokale.com.tr\/wp-content\/uploads\/2025\/03\/IMG-20170801-WA0004-528x297.jpg 528w, https:\/\/izokale.com.tr\/wp-content\/uploads\/2025\/03\/IMG-20170801-WA0004.jpg 1600w\" sizes=\"auto, (max-width: 513px) 100vw, 513px\" \/> ilk hali bask\u0131 beton piste poli\u00fcretan ve \u015fekil uygulanm\u0131\u015f hali<\/p>\n<p><img loading=\"lazy\" decoding=\"async\" class=\"alignnone size-medium wp-image-54\" src=\"https:\/\/izokale.com.tr\/wp-content\/uploads\/2025\/03\/20170409_121938-169x300.jpg\" alt=\"\" width=\"169\" height=\"300\" srcset=\"https:\/\/izokale.com.tr\/wp-content\/uploads\/2025\/03\/20170409_121938-169x300.jpg 169w, https:\/\/izokale.com.tr\/wp-content\/uploads\/2025\/03\/20170409_121938-577x1024.jpg 577w, https:\/\/izokale.com.tr\/wp-content\/uploads\/2025\/03\/20170409_121938-768x1362.jpg 768w, https:\/\/izokale.com.tr\/wp-content\/uploads\/2025\/03\/20170409_121938-866x1536.jpg 866w, https:\/\/izokale.com.tr\/wp-content\/uploads\/2025\/03\/20170409_121938-1155x2048.jpg 1155w, https:\/\/izokale.com.tr\/wp-content\/uploads\/2025\/03\/20170409_121938-570x1011.jpg 570w, https:\/\/izokale.com.tr\/wp-content\/uploads\/2025\/03\/20170409_121938-scaled.jpg 1443w\" sizes=\"auto, (max-width: 169px) 100vw, 169px\" \/> su zafiyeti olan teras <img loading=\"lazy\" decoding=\"async\" class=\"alignnone size-medium wp-image-55\" src=\"https:\/\/izokale.com.tr\/wp-content\/uploads\/2025\/03\/20170525_121518-169x300.jpg\" alt=\"\" width=\"169\" height=\"300\" srcset=\"https:\/\/izokale.com.tr\/wp-content\/uploads\/2025\/03\/20170525_121518-169x300.jpg 169w, https:\/\/izokale.com.tr\/wp-content\/uploads\/2025\/03\/20170525_121518-577x1024.jpg 577w, https:\/\/izokale.com.tr\/wp-content\/uploads\/2025\/03\/20170525_121518-768x1362.jpg 768w, https:\/\/izokale.com.tr\/wp-content\/uploads\/2025\/03\/20170525_121518-866x1536.jpg 866w, https:\/\/izokale.com.tr\/wp-content\/uploads\/2025\/03\/20170525_121518-1155x2048.jpg 1155w, https:\/\/izokale.com.tr\/wp-content\/uploads\/2025\/03\/20170525_121518-570x1011.jpg 570w, https:\/\/izokale.com.tr\/wp-content\/uploads\/2025\/03\/20170525_121518-scaled.jpg 1443w\" sizes=\"auto, (max-width: 169px) 100vw, 169px\" \/> su zafiyeti giderilmi\u015f teras<\/p>\n<div style=\"width: 640px;\" class=\"wp-video\"><video class=\"wp-video-shortcode\" id=\"video-74-1\" width=\"640\" height=\"352\" preload=\"metadata\" controls=\"controls\"><source type=\"video\/mp4\" src=\"https:\/\/izokale.com.tr\/wp-content\/uploads\/2025\/03\/enjeksiyon001.mp4?_=1\" \/><a href=\"https:\/\/izokale.com.tr\/wp-content\/uploads\/2025\/03\/enjeksiyon001.mp4\">https:\/\/izokale.com.tr\/wp-content\/uploads\/2025\/03\/enjeksiyon001.mp4<\/a><\/video><\/div>\n<div style=\"width: 640px;\" class=\"wp-video\"><video class=\"wp-video-shortcode\" id=\"video-74-2\" width=\"640\" height=\"352\" preload=\"metadata\" controls=\"controls\"><source type=\"video\/mp4\" src=\"https:\/\/izokale.com.tr\/wp-content\/uploads\/2025\/03\/enjeksiyon002.mp4?_=2\" \/><a href=\"https:\/\/izokale.com.tr\/wp-content\/uploads\/2025\/03\/enjeksiyon002.mp4\">https:\/\/izokale.com.tr\/wp-content\/uploads\/2025\/03\/enjeksiyon002.mp4<\/a><\/video><\/div>\n","protected":false},"excerpt":{"rendered":"<p>su ka\u00e7ag\u0131 olan havuz\u00a0 ek yersiz tek par\u00e7a poli\u00fcretan su yal\u0131t\u0131m\u0131 uygulanm\u0131\u015f hali ilk hali bask\u0131 beton piste poli\u00fcretan ve \u015fekil uygulanm\u0131\u015f hali su zafiyeti olan teras su zafiyeti giderilmi\u015f teras<\/p>\n","protected":false},"author":1,"featured_media":0,"parent":0,"menu_order":0,"comment_status":"closed","ping_status":"closed","template":"","meta":{"footnotes":""},"class_list":["post-74","page","type-page","status-publish","czr-hentry"],"_links":{"self":[{"href":"https:\/\/izokale.com.tr\/index.php\/wp-json\/wp\/v2\/pages\/74","targetHints":{"allow":["GET"]}}],"collection":[{"href":"https:\/\/izokale.com.tr\/index.php\/wp-json\/wp\/v2\/pages"}],"about":[{"href":"https:\/\/izokale.com.tr\/index.php\/wp-json\/wp\/v2\/types\/page"}],"author":[{"embeddable":true,"href":"https:\/\/izokale.com.tr\/index.php\/wp-json\/wp\/v2\/users\/1"}],"replies":[{"embeddable":true,"href":"https:\/\/izokale.com.tr\/index.php\/wp-json\/wp\/v2\/comments?post=74"}],"version-history":[{"count":6,"href":"https:\/\/izokale.com.tr\/index.php\/wp-json\/wp\/v2\/pages\/74\/revisions"}],"predecessor-version":[{"id":82,"href":"https:\/\/izokale.com.tr\/index.php\/wp-json\/wp\/v2\/pages\/74\/revisions\/82"}],"wp:attachment":[{"href":"https:\/\/izokale.com.tr\/index.php\/wp-json\/wp\/v2\/media?parent=74"}],"curies":[{"name":"wp","href":"https:\/\/api.w.org\/{rel}","templated":true}]}}